j) = -j. Let c be a(3). Let n be 1/c + 1/3. Determine l(n).
1
Let a(w) = w**2 - 4. Let i = 9 + -12. Calculate a(i).
5
Let t(b) = -3*b**2 + 2*b + 1. Let p(f) = -f - 11. Let v be p(-10). Give t(v).
-4
Let d(i) = 11*i + 7*i**2 - 3*i + 6 + 4*i**3 - 2 - 5*i**3. Determine d(8).
4
Let f(p) = p**3 + p**2 + p + 1. Let r(h) = 2*h**2 - 4*h**3 - 3 - h**2 - 10 - 3*h + 8. Let d(s) = -3*f(s) - r(s). Determine d(3).
-7
Suppose 5*n - 10 = 35. Let v(s) = -s + 7. Determine v(n).
-2
Suppose 5*r = 4*h - 19, -4*h = -3*r - 0 - 13. Let p(q) = 5*q - q**2 - h + 0*q + q. Determine p(3).
8
Let v(m) = -2*m**2 - m + 2. Suppose -1 = -2*x + 5*i, 0 = -0*x - 4*x - 5*i - 13. What is v(x)?
-4
Let i(r) = 3*r**2 - 4*r + 3. Let h(u) = 3*u - 1. Let l = -3 + 7. Suppose -2*f = -z - 4*z - 3, l*f = z + 15. Let p be h(z). Calculate i(p).
7
Let n(i) = -2*i + 3. Let m = 0 - -2. Suppose j - 2*j = -m. Suppose -d - j*d = -15, x + 6 = 2*d. Calculate n(x).
-5
Let r(k) be the second derivative of -k - 2/3*k**3 + 0 - k**2 - 1/12*k**4. What is r(-5)?
-7
Let s(b) = 3 + 3*b - 9*b - b**2 + 14*b. Calculate s(7).
10
Let h = 28 - 25. Suppose -h*q + 10 = -x, 5*q - x - 20 = -0*x. Let t(b) = -3*b - b + 5*b - 1. What is t(q)?
4
Suppose 0 = -4*s - 28 + 280. Let l be s/18 - (-3)/(-2). Let p(r) = -r**2 - 3*r + 3. What is p(l)?
-7
Let a = 13 + -6. Suppose -a*g + 20 = -3*g. Let p(w) = -w**2 - 6 - 6*w + 11 - 6*w**3 - 3*w**2 + 7*w**3. Determine p(g).
0
Let a(m) = -m**2 + 3*m + 4. Suppose 3*d - 3 = 2*d. Let y be a(d). Let g(q) = 2 - 1 - 5*q**2 + 7*q + q**3 - q - 3. Give g(y).
6
Let j = -126 - -124. Let n(r) = -6*r - 2. Give n(j).
10
Let q(v) = v**2 + v + 1. Let f(s) = -s + 1. Let k(u) = -3*f(u) + q(u). Calculate k(-4).
-2
Let v(w) = -w**3 - 4*w**2 + w + 1. Suppose 0 = -4*x - 7*x - 33. Calculate v(x).
-11
Let z = 9 - 6. Suppose 12 = 4*j, k + 0*j + z = -j. Let d(h) be the second derivative of -h**4/12 - 7*h**3/6 + h**2/2 + h. Give d(k).
7
Let h(c) = -c. Let d(q) = -q**2 - 1. Let o(v) = -d(v) + 3*h(v). Suppose 2 + 4 = -5*w + 4*m, 0 = m - 4. What is o(w)?
-1
Let f(q) = 4*q**3 + 3*q**2 - 3*q - 8. Let j(a) = -3*a**3 - 3*a**2 + 3*a + 7. Let u(n) = -2*f(n) - 3*j(n). What is u(-4)?
-9
Let d(w) = w**3 - 5*w**2 - w + 7. Let g be d(5). Let p = 30 + -28. Let n(o) = -2*o + 4 - o + 5*o + o**p - 5. Determine n(g).
7
Suppose -2*t = 3 - 13. Let u(k) be the second derivative of -k**3/6 + k**2/2 - 2*k. Let z be u(t). Let s(j) = j + 9. Calculate s(z).
5
Let p = -3 + -3. Let m(u) = 4*u**2 + 23*u + 20. Let q(j) = j**2 + 6*j + 5. Let y(o) = 2*m(o) - 9*q(o). Determine y(p).
7
Suppose 4 = 2*c - 6. Suppose c*f = f - 20. Let g(k) = -k**3 - 5*k**2 + 2*k + 2. Determine g(f).
-8
Let u(s) be the first derivative of s**3/3 - 3*s**2 + 5*s + 34. Give u(4).
-3
Suppose 0*m - 5 = -5*m. Let l be -2 + 1/((-3)/(-24)). Let f(i) = -6*i + 5*i + l*i + 1 - 3*i. Give f(m).
3
Let q(n) = -n**3 - 4*n**2 - 3*n + 3. Let d be q(-3). Let p(j) = -j**2 + 0*j**d + 4*j**3 + j - 3*j**3 + 4. Calculate p(0).
4
Suppose -1 = 2*l + 5*m - 15, 3*l + 4*m - 14 = 0. Suppose -4 = -2*f + l. Let v(g) = 2*g - 3*g - f*g + 3 - 2 + g**2. What is v(3)?
-2
Let z be 38/8 + (-3)/(-12). Suppose -3*c + 0*y - 5*y - 12 = 0, -c + z*y - 4 = 0. Let f(q) = -q**2 - 7*q - 5. What is f(c)?
7
Let a(t) be the second derivative of -2*t**4/3 - t**2/2 + 4*t. Calculate a(-1).
-9
Suppose -4*v + 6 = -3*k, k - v - 4*v + 13 = 0. Suppose k*f - 4 = 4. Let b(p) = -p + 3. Give b(f).
-1
Let j(k) = 7*k - 2. Let y(c) = -1 + 1 - 1. Let m(o) = -j(o) + 2*y(o). Determine m(1).
-7
Let h(d) = d**2. Let x(r) = -r**3 + 6*r**2 - 4*r - 3. Suppose -5*v + n = -24, 7*n = 3*v + 3*n - 11. Let b be x(v). Determine h(b).
4
Let a(l) = -l**3 - 4*l**2 + 5*l - 7. Let m be 0*((-15)/10 - -2). Suppose -5 = 2*q + 5. Let k = m + q. What is a(k)?
-7
Let y(f) = f**3 - 5*f**2 + 3*f. Suppose -2*r = -11 + 1. Suppose 0 = r*h - 6 - 4. Suppose 5 = h*n + 1. Calculate y(n).
-6
Let p(f) = f**2 - 7*f + 4. Let c = 105 - 101. Determine p(c).
-8
Let z(t) = -t**3 - 4*t**2 - 3*t + 2. Let k(p) = 3*p - 63. Let s be k(20). Give z(s).
2
Let i(b) be the second derivative of -b**3/6 - b**2 + b. Let s(m) = -m - 6. Let g(v) = v. Let y(k) = 3*g(k) + s(k). Let r be y(5). Calculate i(r).
-6
Let k(t) = -t**2 - 6*t. Let j be k(-6). Suppose -3 = -x + 4*l + 3, -x - 5*l = -24. Let b(m) = x + m - 1 + j*m + 0. What is b(-6)?
7
Let i(k) = -3*k + 4. Let z be (-5)/5*((-3)/(-1) + -1). Let j(s) be the second derivative of -7*s**3/6 + 4*s**2 - s. Let d(m) = z*j(m) + 5*i(m). Calculate d(-4).
8
Let g(o) = o**3 - 4*o**2 - 4*o + 3. Let c = 106 - 101. Determine g(c).
8
Let j be 1*(3 + -2 - 1). Let u(i) = -i + 0 - i**3 + j + 3*i**2. Suppose -79*c - 27 = -88*c. Give u(c).
-3
Let x = -8 + 10. Let r(j) be the second derivative of 0 - 1/2*j**2 - x*j + 1/6*j**3. Calculate r(-5).
-6
Let h = -2 + 8. Let n(a) = 0*a - h*a - 3*a**2 + 2*a**2 - 2 - a. Give n(-5).
8
Let d(z) = -z**3 - 7*z**2 - 6*z - 1. Let b be d(-6). Let q(c) = -c**3 - 4*c**2 - 5*c - 4. Let y be q(-3). Let f(s) = -y + 5 - 3 - s + 1. Calculate f(b).
2
Let y(a) be the first derivative of a**3/3 - a**2/2 - 3*a + 5. Let u(m) = -2*m - 8. Let p = -13 - -7. Let r be u(p). Determine y(r).
9
Let b(w) = -106*w**3 - w + 105*w**3 + 5 + w. Suppose 0 = 5*h - 8 - 2. Suppose -h*l = -l. What is b(l)?
5
Let u be (-84)/(-18)*3/(-2). Let i(z) = z**3 + 8*z**2 + 9*z - 1. Calculate i(u).
-15
Suppose -5*v - 2*i = -8, -2*v + 2*i + 7 = -i. Let j(r) be the first derivative of r + 1 + 1/2*r**v. Calculate j(5).
6
Let u(k) = 1 + 0*k + 6*k + k**2 + 5. Calculate u(-5).
1
Let a(s) = -s**2 + 1. Let m(w) = w**3 - 3*w**2 + w + 1. Let r(p) = -a(p) - m(p). Let b be 20/6 - 2/(-3). Calculate r(b).
-6
Let s(a) = 0*a**3 + 0*a**3 + 2*a**2 - a**3 + 3. Suppose -2*z - 2*v = 0, 2*z - 3*z + 2*v + 9 = 0. Determine s(z).
-6
Let c(n) be the third derivative of -n**5/60 - 7*n**4/24 + 11*n**3/6 + 4*n**2. What is c(-8)?
3
Let v(z) be the second derivative of z**3/2 + 7*z. Determine v(-1).
-3
Let r(d) be the third derivative of d**5/30 + d**4/6 - d**3/3 + d**2 + 4. What is r(3)?
28
Suppose 5*b + 21 = -4. Let y(t) = -2*t - 4. Give y(b).
6
Let f(c) = c**2 + 6*c + 5. Let u be f(-6). Let m(l) = 4*l - 5. Let z be m(4). Let j(t) = z + 0*t - 4 - 2*t. What is j(u)?
-3
Suppose 0 = -17*j + 12*j. Let l(a) = a**3 - a + 4. Give l(j).
4
Let u(j) be the first derivative of -2*j**3/3 + 2. Suppose 5*h = 3 + 2. What is u(h)?
-2
Let f(h) = h - 6. Let u be (-6)/27 - (-94)/18. What is f(u)?
-1
Let x(b) = b**3 + 5*b**2 - 8*b + 4. Let h be -4 - (-1 - 2) - (5 - 0). Give x(h).
16
Let d be 60/(-9) - 1/3. Let f be (d - (-3 - -1))/(-1). Let i(w) = 1 - 3*w + 2*w + 0. What is i(f)?
-4
Let q(g) = g**2 + 2*g - 3. Let y be (-80)/(-24) + (-8)/6. Give q(y).
5
Suppose 2*t - 8 = -5*x, -x + 4*x - t = 7. Let n(m) be the first derivative of 2*m**2 + 1/3*m**3 + 2 - x*m. Calculate n(-3).
-5
Let p(b) = -b + 2. Let w = -68 - -72. Give p(w).
-2
Let k(b) = -b**2 + b - 3. Let s(d) = d**3 - 2*d**2 - 2*d - 4. Let u be s(4). Let v = u - 17. Determine k(v).
-9
Let w(f) be the first derivative of -7*f**3/6 + f**2 - 2*f + 5. Let o(r) be the first derivative of w(r). Calculate o(2).
-12
Let y(k) = -k**2 - 4*k. Suppose 8 = 3*z + 2*s, -2 = -s + 2*s. Let d = 3 + -3. Suppose d = g - z*g - 6. Calculate y(g).
4
Let i(h) = 4*h - 3*h - 1 - 11. Let n = 9 - 3. Give i(n).
-6
Let a(n) = n**2 + 3. Let m = -4 - -4. Let p be a(m). Let o(l) = l**2 - 3*l + 4. Give o(p).
4
Suppose -5*w - 2*h = -11 - 26, -w = -4*h - 3. Suppose -q - w = -5*a, -5*q + 25 = 3*a + 4. Suppose -1 = -a*r + 3*r. Let v(u) = -3*u. Calculate v(r).
3
Let v(b) = -3*b + 6. Let t(y) = 14 + 10 - 16*y + 7. Let a(h) = -2*t(h) + 11*v(h). What is a(0)?
4
Let w(p) = -p**3 + 5*p**2 + 7*p - 1. Let m(y) = -y**3 - 2*y**2 - 3*y. Let f be m(-2). Calculate w(f).
5
Let x(q) be the first derivative of -q**4/4 + 2*q**3 - 4*q**2 + 6*q - 2. Calculate x(5).
-9
Let l(v) = -v**3 - 5*v**2 - 3*v + 3. Let t(o) be the second derivative of -o**4/12 - o**3/3 - 3*o**2/2 + 2*o. Let p be t(-2). Give l(p).
-6
Let z(a) = 2*a + 3. Let x be (-3)/(-7) + 248/(-56). Determine z(x).
-5
Let h(y) = -y + 7. Let b be 0*(-2 + 3/2). Suppose 2*m - 6 = -w, 3*w - m - 3 + 6 = b. Suppose w = -2*a + 6*a - 12. Calculate h(a).
4
Let j(w) be the first derivative of -w**3 + 7*w**2 - 8*w + 3. Let g(f) = f**2 - 5*f + 3. Let m(n) = 17*g(n) + 6*j(